{"id":393,"date":"2015-06-01T16:41:45","date_gmt":"2015-06-01T16:41:45","guid":{"rendered":"http:\/\/spaeclipse.com.br\/?page_id=393"},"modified":"2023-09-15T19:45:12","modified_gmt":"2023-09-15T19:45:12","slug":"depilacao-a-laser-2","status":"publish","type":"page","link":"https:\/\/spaeclipse.com.br\/?page_id=393","title":{"rendered":"Depila\u00e7\u00e3o a laser"},"content":{"rendered":"<p><strong><a href=\"http:\/\/spaeclipse.com.br\/wp-content\/uploads\/2015\/06\/depila\u00e7\u00e3o3.jpg\"><img fetchpriority=\"high\" decoding=\"async\" class=\"alignright wp-image-309\" src=\"http:\/\/spaeclipse.com.br\/wp-content\/uploads\/2015\/06\/depila\u00e7\u00e3o3-250x188.jpg\" alt=\"depila\u00e7\u00e3o3\" width=\"368\" height=\"277\" srcset=\"https:\/\/spaeclipse.com.br\/wp-content\/uploads\/2015\/06\/depila\u00e7\u00e3o3-250x188.jpg 250w, https:\/\/spaeclipse.com.br\/wp-content\/uploads\/2015\/06\/depila\u00e7\u00e3o3-800x600.jpg 800w, https:\/\/spaeclipse.com.br\/wp-content\/uploads\/2015\/06\/depila\u00e7\u00e3o3-780x585.jpg 780w, https:\/\/spaeclipse.com.br\/wp-content\/uploads\/2015\/06\/depila\u00e7\u00e3o3-530x397.jpg 530w, https:\/\/spaeclipse.com.br\/wp-content\/uploads\/2015\/06\/depila\u00e7\u00e3o3-420x315.jpg 420w, https:\/\/spaeclipse.com.br\/wp-content\/uploads\/2015\/06\/depila\u00e7\u00e3o3-960x720.jpg 960w, https:\/\/spaeclipse.com.br\/wp-content\/uploads\/2015\/06\/depila\u00e7\u00e3o3-639x480.jpg 639w, https:\/\/spaeclipse.com.br\/wp-content\/uploads\/2015\/06\/depila\u00e7\u00e3o3-480x360.jpg 480w, https:\/\/spaeclipse.com.br\/wp-content\/uploads\/2015\/06\/depila\u00e7\u00e3o3-715x536.jpg 715w, https:\/\/spaeclipse.com.br\/wp-content\/uploads\/2015\/06\/depila\u00e7\u00e3o3-327x245.jpg 327w, https:\/\/spaeclipse.com.br\/wp-content\/uploads\/2015\/06\/depila\u00e7\u00e3o3-497x373.jpg 497w, https:\/\/spaeclipse.com.br\/wp-content\/uploads\/2015\/06\/depila\u00e7\u00e3o3.jpg 1000w\" sizes=\"(max-width: 368px) 100vw, 368px\" \/><\/a>Depila\u00e7\u00e3o em todo tipo de pele<\/strong><\/p>\n<p>A depila\u00e7\u00e3o com o laser j\u00e1 n\u00e3o \u00e9 mais privil\u00e9gio de quem tem a pele clara. Pessoas de pele mais escura, ou que estejam bronzeadas, tamb\u00e9m podem ser submetidas ao tratamento que elimina os p\u00ealos indesej\u00e1veis, sem o risco de ficarem com a pele manchada. A depila\u00e7\u00e3o a laser pode ser feita por qualquer pessoa que se incomode com seus pelos ou com os outros m\u00e9todos de depila\u00e7\u00e3o, com a cera e a l\u00e2mina. H\u00e1 indica\u00e7\u00f5es especiais para casos de pseudofoliculite (pelos encravados) tanto em virilha, que acaba manchando a regi\u00e3o, quanto rosto, pernas ou qualquer outra regi\u00e3o do corpo.<\/p>\n<p><strong>Resultados da depila\u00e7\u00e3o a laser<\/strong><\/p>\n<p>Os efeitos s\u00e3o vistos desde as primeiras sess\u00f5es, pois a cada sess\u00e3o o paciente pode observar uma \u00e1rea de falha de crescimento dos pelos. As \u00e1reas que melhor respondem ao tratamento s\u00e3o virilha, axila, barba e perna. O bu\u00e7o, por ter pelos muito finos, e o dorso masculino, por ter espessura maior da pele, s\u00e3o as \u00e1reas em que os resultados se perdem mais facilmente. O pelo fino atrai pouco a energia do laser e a espessura da pele dificulta a chegada da energia ao pelo.<\/p>\n<p><strong>Sess\u00f5es de depila\u00e7\u00e3o a laser<\/strong><\/p>\n<p>As sess\u00f5es devem ser feitas a cada 30 ou 45 dias. &#8220;Geralmente orientamos fazer de 5 a 8 sess\u00f5es para ver o resultado desejado, ap\u00f3s um ano do procedimento fazer de\u00a0 tr\u00eas\u00a0 a quatro sess\u00f5es de manuten\u00e7\u00e3o, dependendo do caso do paciente&#8221;.<\/p>\n<p><strong>Cuidados antes de se submeter \u00e0 depila\u00e7\u00e3o a laser<\/strong><\/p>\n<p>&#8220;O paciente deve evitar pegar sol, n\u00e3o deve retirar os pelos com pin\u00e7a ou cera no m\u00eas antecedente, antes da sess\u00e3o \u00e9 feita a retirada dos pelos com l\u00e2mina de barbear&#8221;,<\/p>\n<p><strong>Contraindica\u00e7\u00e3o \u00e0 realiza\u00e7\u00e3o de depila\u00e7\u00e3o a laser<\/strong><\/p>\n<p>Pessoas com infec\u00e7\u00f5es ativas nas \u00e1reas a serem tratadas n\u00e3o podem realizar a depila\u00e7\u00e3o a laser. Caso haja o crescimento repentino de pelos, deve ser realizada investiga\u00e7\u00e3o hormonal anteriormente.<\/p>\n<p><strong>Dura\u00e7\u00e3o do procedimento: \u00e9 realizado a cada 30 ou 45 dias.<\/strong><\/p>\n<p><strong>Dura\u00e7\u00e3o do resultado: sujeito a avalia\u00e7\u00e3o do profissional.<\/strong><\/p>\n","protected":false},"excerpt":{"rendered":"<p>Depila\u00e7\u00e3o em todo tipo de pele A depila\u00e7\u00e3o com o laser j\u00e1 n\u00e3o \u00e9 mais privil\u00e9gio de quem tem a pele clara. Pessoas de pele mais escura, ou que estejam bronzeadas, tamb\u00e9m podem ser submetidas ao tratamento que elimina os p\u00ealos indesej\u00e1veis, sem o risco de ficarem com a pele manchada. A depila\u00e7\u00e3o a laser &hellip;<\/p>\n<p class=\"read-more\"> <a class=\"\" href=\"https:\/\/spaeclipse.com.br\/?page_id=393\"> <span class=\"screen-reader-text\">Depila\u00e7\u00e3o a laser<\/span> Leia mais &raquo;<\/a><\/p>\n","protected":false},"author":1,"featured_media":0,"parent":0,"menu_order":0,"comment_status":"closed","ping_status":"closed","template":"","meta":{"site-sidebar-layout":"default","site-content-layout":"","ast-site-content-layout":"default","site-content-style":"default","site-sidebar-style":"default","ast-global-header-display":"","ast-banner-title-visibility":"","ast-main-header-display":"","ast-hfb-above-header-display":"","ast-hfb-below-header-display":"","ast-hfb-mobile-header-display":"","site-post-title":"","ast-breadcrumbs-content":"","ast-featured-img":"","footer-sml-layout":"","theme-transparent-header-meta":"default","adv-header-id-meta":"","stick-header-meta":"","header-above-stick-meta":"","header-main-stick-meta":"","header-below-stick-meta":"","astra-migrate-meta-layouts":"set","_joinchat":[],"footnotes":""},"class_list":["post-393","page","type-page","status-publish","hentry"],"_links":{"self":[{"href":"https:\/\/spaeclipse.com.br\/index.php?rest_route=\/wp\/v2\/pages\/393","targetHints":{"allow":["GET"]}}],"collection":[{"href":"https:\/\/spaeclipse.com.br\/index.php?rest_route=\/wp\/v2\/pages"}],"about":[{"href":"https:\/\/spaeclipse.com.br\/index.php?rest_route=\/wp\/v2\/types\/page"}],"author":[{"embeddable":true,"href":"https:\/\/spaeclipse.com.br\/index.php?rest_route=\/wp\/v2\/users\/1"}],"replies":[{"embeddable":true,"href":"https:\/\/spaeclipse.com.br\/index.php?rest_route=%2Fwp%2Fv2%2Fcomments&post=393"}],"version-history":[{"count":3,"href":"https:\/\/spaeclipse.com.br\/index.php?rest_route=\/wp\/v2\/pages\/393\/revisions"}],"predecessor-version":[{"id":1858,"href":"https:\/\/spaeclipse.com.br\/index.php?rest_route=\/wp\/v2\/pages\/393\/revisions\/1858"}],"wp:attachment":[{"href":"https:\/\/spaeclipse.com.br\/index.php?rest_route=%2Fwp%2Fv2%2Fmedia&parent=393"}],"curies":[{"name":"wp","href":"https:\/\/api.w.org\/{rel}","templated":true}]}}

Depilação a laser

<p><strong><a href="http://spaeclipse.com.br/wp-content/uploads/2015/06/depilação3.jpg"><img fetchpriority="high" decoding="async" class="alignright wp-image-309" src="http://spaeclipse.com.br/wp-content/uploads/2015/06/depilação3-250x188.jpg" alt="depilação3" width="368" height="277" srcset="https://spaeclipse.com.br/wp-content/uploads/2015/06/depilação3-250x188.jpg 250w, https://spaeclipse.com.br/wp-content/uploads/2015/06/depilação3-800x600.jpg 800w, https://spaeclipse.com.br/wp-content/uploads/2015/06/depilação3-780x585.jpg 780w, https://spaeclipse.com.br/wp-content/uploads/2015/06/depilação3-530x397.jpg 530w, https://spaeclipse.com.br/wp-content/uploads/2015/06/depilação3-420x315.jpg 420w, https://spaeclipse.com.br/wp-content/uploads/2015/06/depilação3-960x720.jpg 960w, https://spaeclipse.com.br/wp-content/uploads/2015/06/depilação3-639x480.jpg 639w, https://spaeclipse.com.br/wp-content/uploads/2015/06/depilação3-480x360.jpg 480w, https://spaeclipse.com.br/wp-content/uploads/2015/06/depilação3-715x536.jpg 715w, https://spaeclipse.com.br/wp-content/uploads/2015/06/depilação3-327x245.jpg 327w, https://spaeclipse.com.br/wp-content/uploads/2015/06/depilação3-497x373.jpg 497w, https://spaeclipse.com.br/wp-content/uploads/2015/06/depilação3.jpg 1000w" sizes="(max-width: 368px) 100vw, 368px" /></a>Depilação em todo tipo de pele</strong></p>
<p>A depilação com o laser já não é mais privilégio de quem tem a pele clara. Pessoas de pele mais escura, ou que estejam bronzeadas, também podem ser submetidas ao tratamento que elimina os pêlos indesejáveis, sem o risco de ficarem com a pele manchada. A depilação a laser pode ser feita por qualquer pessoa que se incomode com seus pelos ou com os outros métodos de depilação, com a cera e a lâmina. Há indicações especiais para casos de pseudofoliculite (pelos encravados) tanto em virilha, que acaba manchando a região, quanto rosto, pernas ou qualquer outra região do corpo.</p>
<p><strong>Resultados da depilação a laser</strong></p>
<p>Os efeitos são vistos desde as primeiras sessões, pois a cada sessão o paciente pode observar uma área de falha de crescimento dos pelos. As áreas que melhor respondem ao tratamento são virilha, axila, barba e perna. O buço, por ter pelos muito finos, e o dorso masculino, por ter espessura maior da pele, são as áreas em que os resultados se perdem mais facilmente. O pelo fino atrai pouco a energia do laser e a espessura da pele dificulta a chegada da energia ao pelo.</p>
<p><strong>Sessões de depilação a laser</strong></p>
<p>As sessões devem ser feitas a cada 30 ou 45 dias. &#8220;Geralmente orientamos fazer de 5 a 8 sessões para ver o resultado desejado, após um ano do procedimento fazer de  três  a quatro sessões de manutenção, dependendo do caso do paciente&#8221;.</p>
<p><strong>Cuidados antes de se submeter à depilação a laser</strong></p>
<p>&#8220;O paciente deve evitar pegar sol, não deve retirar os pelos com pinça ou cera no mês antecedente, antes da sessão é feita a retirada dos pelos com lâmina de barbear&#8221;,</p>
<p><strong>Contraindicação à realização de depilação a laser</strong></p>
<p>Pessoas com infecções ativas nas áreas a serem tratadas não podem realizar a depilação a laser. Caso haja o crescimento repentino de pelos, deve ser realizada investigação hormonal anteriormente.</p>
<p><strong>Duração do procedimento: é realizado a cada 30 ou 45 dias.</strong></p>
<p><strong>Duração do resultado: sujeito a avaliação do profissional.</strong></p>

<p>Depilação em todo tipo de pele A depilação com o laser já não é mais privilégio de quem tem a pele clara. Pessoas de pele mais escura, ou que estejam bronzeadas, também podem ser submetidas ao tratamento que elimina os pêlos indesejáveis, sem o risco de ficarem com a pele manchada. A depilação a laser &hellip;</p>
<p class="read-more"> <a class="" href="https://spaeclipse.com.br/?page_id=393"> <span class="screen-reader-text">Depilação a laser</span> Leia mais &raquo;</a></p>
