{"id":382,"date":"2015-06-01T16:37:59","date_gmt":"2015-06-01T16:37:59","guid":{"rendered":"http:\/\/spaeclipse.com.br\/?page_id=382"},"modified":"2015-07-15T18:27:57","modified_gmt":"2015-07-15T18:27:57","slug":"manta-termica-com-infra-vermelho","status":"publish","type":"page","link":"https:\/\/spaeclipse.com.br\/?page_id=382","title":{"rendered":"Manta T\u00e9rmica (Com Infra Vermelho)"},"content":{"rendered":"<p>A Manta T\u00e9rmica \u00e9 um equipamento que emite calor e raios infravermelhos longos, que s\u00e3o raios encontrados naturalmente na luz solar e que s\u00e3o os respons\u00e1veis pela ativa\u00e7\u00e3o das fun\u00e7\u00f5es celulares dos seres humanos.<\/p>\n<p>S\u00e3o grandes aliados nos tratamentos est\u00e9ticos por agirem de forma sist\u00eamica na ativa\u00e7\u00e3o do metabolismo, aumentando o potencial de gasto cal\u00f3rico, melhorando a circula\u00e7\u00e3o sangu\u00ednea, promovendo a renova\u00e7\u00e3o celular e a elimina\u00e7\u00e3o de toxinas.<\/p>\n<p>Como \u00e9 realizado:\u00a0O(a) paciente \u00e9 coberto(a) por uma manta t\u00e9rmica e exposto(a) aos raios infravermelhos longos por cerca de 30 a 50 minutos. Em alguns tratamentos, utilizamos a terapia combinada com a aplica\u00e7\u00e3o da argila ortomolecular, que age como desintoxicante e repositora de sais minerais e oligoelementos, que s\u00e3o os respons\u00e1veis pela forma\u00e7\u00e3o de enzimas reguladoras de in\u00fameros processos bioqu\u00edmicos essenciais ao corpo humano.<\/p>\n<p><a href=\"http:\/\/spaeclipse.com.br\/wp-content\/uploads\/2015\/06\/X-manta-t\u00e9rmica.jpg\"><img decoding=\"async\" class=\" size-medium wp-image-650 alignleft\" src=\"http:\/\/spaeclipse.com.br\/wp-content\/uploads\/2015\/06\/X-manta-t\u00e9rmica-250x166.jpg\" alt=\"X manta t\u00e9rmica\" width=\"250\" height=\"166\" srcset=\"https:\/\/spaeclipse.com.br\/wp-content\/uploads\/2015\/06\/X-manta-t\u00e9rmica-250x166.jpg 250w, https:\/\/spaeclipse.com.br\/wp-content\/uploads\/2015\/06\/X-manta-t\u00e9rmica.jpg 336w\" sizes=\"(max-width: 250px) 100vw, 250px\" \/><\/a>Benef\u00edcios da t\u00e9cnica:\u00a0Aumenta a circula\u00e7\u00e3o sangu\u00ednea; Proporciona a elimina\u00e7\u00e3o de toxinas e radicais livres; Atua contra a reten\u00e7\u00e3o de l\u00edquidos; Acelera o metabolismo; Melhora o desempenho do sistema imunol\u00f3gico; Reduz a fadiga muscular; Diminui infec\u00e7\u00f5es\/ inflama\u00e7\u00f5es e acelera a cicatriza\u00e7\u00e3o; Fortalece os ossos; Diminui as taxas de colesterol; Auxilia na renova\u00e7\u00e3o celular; Melhora a elasticidade da pele; Auxilia na perda de peso; Rep\u00f5e sais minerais e oligoelementos quando associada \u00e0 argila.<br \/>\n<strong>Per\u00edodo do procedimento: semanalmente<\/strong><\/p>\n","protected":false},"excerpt":{"rendered":"<p>A Manta T\u00e9rmica \u00e9 um equipamento que emite calor e raios infravermelhos longos, que s\u00e3o raios encontrados naturalmente na luz solar e que s\u00e3o os respons\u00e1veis pela ativa\u00e7\u00e3o das fun\u00e7\u00f5es celulares dos seres humanos. S\u00e3o grandes aliados nos tratamentos est\u00e9ticos por agirem de forma sist\u00eamica na ativa\u00e7\u00e3o do metabolismo, aumentando o potencial de gasto cal\u00f3rico, &hellip;<\/p>\n<p class=\"read-more\"> <a class=\"\" href=\"https:\/\/spaeclipse.com.br\/?page_id=382\"> <span class=\"screen-reader-text\">Manta T\u00e9rmica (Com Infra Vermelho)<\/span> Leia mais &raquo;<\/a><\/p>\n","protected":false},"author":1,"featured_media":0,"parent":0,"menu_order":0,"comment_status":"open","ping_status":"open","template":"","meta":{"site-sidebar-layout":"default","site-content-layout":"","ast-site-content-layout":"","site-content-style":"default","site-sidebar-style":"default","ast-global-header-display":"","ast-banner-title-visibility":"","ast-main-header-display":"","ast-hfb-above-header-display":"","ast-hfb-below-header-display":"","ast-hfb-mobile-header-display":"","site-post-title":"","ast-breadcrumbs-content":"","ast-featured-img":"","footer-sml-layout":"","theme-transparent-header-meta":"","adv-header-id-meta":"","stick-header-meta":"","header-above-stick-meta":"","header-main-stick-meta":"","header-below-stick-meta":"","astra-migrate-meta-layouts":"","_joinchat":[],"footnotes":""},"class_list":["post-382","page","type-page","status-publish","hentry"],"_links":{"self":[{"href":"https:\/\/spaeclipse.com.br\/index.php?rest_route=\/wp\/v2\/pages\/382","targetHints":{"allow":["GET"]}}],"collection":[{"href":"https:\/\/spaeclipse.com.br\/index.php?rest_route=\/wp\/v2\/pages"}],"about":[{"href":"https:\/\/spaeclipse.com.br\/index.php?rest_route=\/wp\/v2\/types\/page"}],"author":[{"embeddable":true,"href":"https:\/\/spaeclipse.com.br\/index.php?rest_route=\/wp\/v2\/users\/1"}],"replies":[{"embeddable":true,"href":"https:\/\/spaeclipse.com.br\/index.php?rest_route=%2Fwp%2Fv2%2Fcomments&post=382"}],"version-history":[{"count":2,"href":"https:\/\/spaeclipse.com.br\/index.php?rest_route=\/wp\/v2\/pages\/382\/revisions"}],"predecessor-version":[{"id":657,"href":"https:\/\/spaeclipse.com.br\/index.php?rest_route=\/wp\/v2\/pages\/382\/revisions\/657"}],"wp:attachment":[{"href":"https:\/\/spaeclipse.com.br\/index.php?rest_route=%2Fwp%2Fv2%2Fmedia&parent=382"}],"curies":[{"name":"wp","href":"https:\/\/api.w.org\/{rel}","templated":true}]}}