{"id":380,"date":"2015-06-01T16:32:04","date_gmt":"2015-06-01T16:32:04","guid":{"rendered":"http:\/\/spaeclipse.com.br\/?page_id=380"},"modified":"2015-07-15T18:27:47","modified_gmt":"2015-07-15T18:27:47","slug":"massagem-relaxante-com-aparelho","status":"publish","type":"page","link":"https:\/\/spaeclipse.com.br\/?page_id=380","title":{"rendered":"Massagem relaxante ( com aparelho )"},"content":{"rendered":"<p>Acalmar o corpo \u00e9 acalmar a mente, e uma das maneiras de se obter isso, \u00e9 com a t\u00e9cnica da massagem relaxante, que proporciona o al\u00edvio do stress e das dores. S\u00e3o realizadas manobras terap\u00eauticas espec\u00edficas como amassamento, deslizamentos e percuss\u00f5es. Essa terapia tem o intuito de melhorar a circula\u00e7\u00e3o sangu\u00ednea, aumentar o fluxo de nutrientes, al\u00e9m de aliviar a dor e facilitar a atividade muscular.A massagem relaxante proporciona redu\u00e7\u00f5es significativas nos n\u00edveis do horm\u00f4nio do stress (cortisol) e provoca eleva\u00e7\u00f5es da oxitocina, um horm\u00f4nio associado ao contentamento e \u00e0 confian\u00e7a e provocam a sensa\u00e7\u00e3o de bem-estar e relaxamento.<\/p>\n<p><strong><a href=\"http:\/\/spaeclipse.com.br\/wp-content\/uploads\/2015\/06\/X-massagem-relaxante.jpg\"><img decoding=\"async\" class=\"alignright size-medium wp-image-651\" src=\"http:\/\/spaeclipse.com.br\/wp-content\/uploads\/2015\/06\/X-massagem-relaxante-250x167.jpg\" alt=\"X massagem relaxante\" width=\"250\" height=\"167\" srcset=\"https:\/\/spaeclipse.com.br\/wp-content\/uploads\/2015\/06\/X-massagem-relaxante-250x167.jpg 250w, https:\/\/spaeclipse.com.br\/wp-content\/uploads\/2015\/06\/X-massagem-relaxante-800x533.jpg 800w, https:\/\/spaeclipse.com.br\/wp-content\/uploads\/2015\/06\/X-massagem-relaxante-1060x707.jpg 1060w, https:\/\/spaeclipse.com.br\/wp-content\/uploads\/2015\/06\/X-massagem-relaxante-780x520.jpg 780w, https:\/\/spaeclipse.com.br\/wp-content\/uploads\/2015\/06\/X-massagem-relaxante-530x353.jpg 530w, https:\/\/spaeclipse.com.br\/wp-content\/uploads\/2015\/06\/X-massagem-relaxante-420x280.jpg 420w, https:\/\/spaeclipse.com.br\/wp-content\/uploads\/2015\/06\/X-massagem-relaxante-960x640.jpg 960w, https:\/\/spaeclipse.com.br\/wp-content\/uploads\/2015\/06\/X-massagem-relaxante-639x426.jpg 639w, https:\/\/spaeclipse.com.br\/wp-content\/uploads\/2015\/06\/X-massagem-relaxante-480x320.jpg 480w, https:\/\/spaeclipse.com.br\/wp-content\/uploads\/2015\/06\/X-massagem-relaxante-804x536.jpg 804w, https:\/\/spaeclipse.com.br\/wp-content\/uploads\/2015\/06\/X-massagem-relaxante-368x245.jpg 368w, https:\/\/spaeclipse.com.br\/wp-content\/uploads\/2015\/06\/X-massagem-relaxante-560x373.jpg 560w, https:\/\/spaeclipse.com.br\/wp-content\/uploads\/2015\/06\/X-massagem-relaxante.jpg 1296w\" sizes=\"(max-width: 250px) 100vw, 250px\" \/><\/a>Per\u00edodo do procedimento: semanalmente<\/strong><\/p>\n","protected":false},"excerpt":{"rendered":"<p>Acalmar o corpo \u00e9 acalmar a mente, e uma das maneiras de se obter isso, \u00e9 com a t\u00e9cnica da massagem relaxante, que proporciona o al\u00edvio do stress e das dores. S\u00e3o realizadas manobras terap\u00eauticas espec\u00edficas como amassamento, deslizamentos e percuss\u00f5es. Essa terapia tem o intuito de melhorar a circula\u00e7\u00e3o sangu\u00ednea, aumentar o fluxo de &hellip;<\/p>\n<p class=\"read-more\"> <a class=\"\" href=\"https:\/\/spaeclipse.com.br\/?page_id=380\"> <span class=\"screen-reader-text\">Massagem relaxante ( com aparelho )<\/span> Leia mais &raquo;<\/a><\/p>\n","protected":false},"author":1,"featured_media":0,"parent":0,"menu_order":0,"comment_status":"open","ping_status":"open","template":"","meta":{"site-sidebar-layout":"default","site-content-layout":"","ast-site-content-layout":"","site-content-style":"default","site-sidebar-style":"default","ast-global-header-display":"","ast-banner-title-visibility":"","ast-main-header-display":"","ast-hfb-above-header-display":"","ast-hfb-below-header-display":"","ast-hfb-mobile-header-display":"","site-post-title":"","ast-breadcrumbs-content":"","ast-featured-img":"","footer-sml-layout":"","theme-transparent-header-meta":"","adv-header-id-meta":"","stick-header-meta":"","header-above-stick-meta":"","header-main-stick-meta":"","header-below-stick-meta":"","astra-migrate-meta-layouts":"","_joinchat":[],"footnotes":""},"class_list":["post-380","page","type-page","status-publish","hentry"],"_links":{"self":[{"href":"https:\/\/spaeclipse.com.br\/index.php?rest_route=\/wp\/v2\/pages\/380","targetHints":{"allow":["GET"]}}],"collection":[{"href":"https:\/\/spaeclipse.com.br\/index.php?rest_route=\/wp\/v2\/pages"}],"about":[{"href":"https:\/\/spaeclipse.com.br\/index.php?rest_route=\/wp\/v2\/types\/page"}],"author":[{"embeddable":true,"href":"https:\/\/spaeclipse.com.br\/index.php?rest_route=\/wp\/v2\/users\/1"}],"replies":[{"embeddable":true,"href":"https:\/\/spaeclipse.com.br\/index.php?rest_route=%2Fwp%2Fv2%2Fcomments&post=380"}],"version-history":[{"count":2,"href":"https:\/\/spaeclipse.com.br\/index.php?rest_route=\/wp\/v2\/pages\/380\/revisions"}],"predecessor-version":[{"id":656,"href":"https:\/\/spaeclipse.com.br\/index.php?rest_route=\/wp\/v2\/pages\/380\/revisions\/656"}],"wp:attachment":[{"href":"https:\/\/spaeclipse.com.br\/index.php?rest_route=%2Fwp%2Fv2%2Fmedia&parent=380"}],"curies":[{"name":"wp","href":"https:\/\/api.w.org\/{rel}","templated":true}]}}