{"id":379,"date":"2015-06-01T16:31:23","date_gmt":"2015-06-01T16:31:23","guid":{"rendered":"http:\/\/spaeclipse.com.br\/?page_id=379"},"modified":"2015-06-01T16:31:25","modified_gmt":"2015-06-01T16:31:25","slug":"hidrolipoclasia","status":"publish","type":"page","link":"https:\/\/spaeclipse.com.br\/?page_id=379","title":{"rendered":"Hidrolipoclasia"},"content":{"rendered":"<p>A hidrolipoclasia \u00e9 uma t\u00e9cnica utilizada para o tratamento da gordura em excesso, distribu\u00edda nas diversas \u00e1reas do corpo.\u00a0 Abd\u00f4men inferior e superior, cintura, regi\u00e3o ao redor do umbigo (periumbilical), culotes, regi\u00e3o infragl\u00fatea, costas, coxas, pernas, bra\u00e7os, embaixo do queixo (submento), e outras \u00e1reas podem ser submentidas.O processo consiste na inje\u00e7\u00e3o de uma solu\u00e7\u00e3o fisiol\u00f3gica com anest\u00e9sico, bicarbonato de s\u00f3dio e adrenalina na gordura, inchando a \u00e1rea tratada. As c\u00e9lulas de gordura (adip\u00f3citos) absorvem o l\u00edquido e aumentam de volume, facilitando seu rompimento. Esta \u201cexplos\u00e3o\u201d que acontece nos adip\u00f3citos \u00e9 adquirida atrav\u00e9s do uso de ultrassom est\u00e9tico sob a pele, pois as ondas ultrass\u00f4nicas promovem uma vibra\u00e7\u00e3o que gera abertura na membrana das c\u00e9lulas de gordura, com consequente rompimento. Esta gordura fica mais dispersa e pronta para ser eliminada do corpo. Utiliza-se, ent\u00e3o, microc\u00e2nulas ligadas a um aspirador com grande poder de suc\u00e7\u00e3o, de modo a remover a gordura que foi desprendida.<\/p>\n<p><strong>Per\u00edodo de procedimento: semanalmente<\/strong><\/p>\n","protected":false},"excerpt":{"rendered":"<p>A hidrolipoclasia \u00e9 uma t\u00e9cnica utilizada para o tratamento da gordura em excesso, distribu\u00edda nas diversas \u00e1reas do corpo.\u00a0 Abd\u00f4men inferior e superior, cintura, regi\u00e3o ao redor do umbigo (periumbilical), culotes, regi\u00e3o infragl\u00fatea, costas, coxas, pernas, bra\u00e7os, embaixo do queixo (submento), e outras \u00e1reas podem ser submentidas.O processo consiste na inje\u00e7\u00e3o de uma solu\u00e7\u00e3o fisiol\u00f3gica &hellip;<\/p>\n<p class=\"read-more\"> <a class=\"\" href=\"https:\/\/spaeclipse.com.br\/?page_id=379\"> <span class=\"screen-reader-text\">Hidrolipoclasia<\/span> Leia mais &raquo;<\/a><\/p>\n","protected":false},"author":1,"featured_media":0,"parent":0,"menu_order":0,"comment_status":"open","ping_status":"open","template":"","meta":{"site-sidebar-layout":"default","site-content-layout":"","ast-site-content-layout":"","site-content-style":"default","site-sidebar-style":"default","ast-global-header-display":"","ast-banner-title-visibility":"","ast-main-header-display":"","ast-hfb-above-header-display":"","ast-hfb-below-header-display":"","ast-hfb-mobile-header-display":"","site-post-title":"","ast-breadcrumbs-content":"","ast-featured-img":"","footer-sml-layout":"","theme-transparent-header-meta":"","adv-header-id-meta":"","stick-header-meta":"","header-above-stick-meta":"","header-main-stick-meta":"","header-below-stick-meta":"","astra-migrate-meta-layouts":"","_joinchat":[],"footnotes":""},"class_list":["post-379","page","type-page","status-publish","hentry"],"_links":{"self":[{"href":"https:\/\/spaeclipse.com.br\/index.php?rest_route=\/wp\/v2\/pages\/379","targetHints":{"allow":["GET"]}}],"collection":[{"href":"https:\/\/spaeclipse.com.br\/index.php?rest_route=\/wp\/v2\/pages"}],"about":[{"href":"https:\/\/spaeclipse.com.br\/index.php?rest_route=\/wp\/v2\/types\/page"}],"author":[{"embeddable":true,"href":"https:\/\/spaeclipse.com.br\/index.php?rest_route=\/wp\/v2\/users\/1"}],"replies":[{"embeddable":true,"href":"https:\/\/spaeclipse.com.br\/index.php?rest_route=%2Fwp%2Fv2%2Fcomments&post=379"}],"version-history":[{"count":1,"href":"https:\/\/spaeclipse.com.br\/index.php?rest_route=\/wp\/v2\/pages\/379\/revisions"}],"predecessor-version":[{"id":386,"href":"https:\/\/spaeclipse.com.br\/index.php?rest_route=\/wp\/v2\/pages\/379\/revisions\/386"}],"wp:attachment":[{"href":"https:\/\/spaeclipse.com.br\/index.php?rest_route=%2Fwp%2Fv2%2Fmedia&parent=379"}],"curies":[{"name":"wp","href":"https:\/\/api.w.org\/{rel}","templated":true}]}}