{"id":364,"date":"2015-06-01T16:21:25","date_gmt":"2015-06-01T16:21:25","guid":{"rendered":"http:\/\/spaeclipse.com.br\/?page_id=364"},"modified":"2015-06-01T22:04:42","modified_gmt":"2015-06-01T22:04:42","slug":"carboxiterapia-corporal","status":"publish","type":"page","link":"https:\/\/spaeclipse.com.br\/?page_id=364","title":{"rendered":"Carboxiterapia corporal"},"content":{"rendered":"<p><a href=\"http:\/\/spaeclipse.com.br\/wp-content\/uploads\/2015\/05\/Carboxiterapia.jpg\"><img fetchpriority=\"high\" decoding=\"async\" class=\"alignright  wp-image-191\" src=\"http:\/\/spaeclipse.com.br\/wp-content\/uploads\/2015\/05\/Carboxiterapia-300x202.jpg\" alt=\"Carboxiterapia\" width=\"338\" height=\"227\" srcset=\"https:\/\/spaeclipse.com.br\/wp-content\/uploads\/2015\/05\/Carboxiterapia-300x202.jpg 300w, https:\/\/spaeclipse.com.br\/wp-content\/uploads\/2015\/05\/Carboxiterapia-780x526.jpg 780w, https:\/\/spaeclipse.com.br\/wp-content\/uploads\/2015\/05\/Carboxiterapia-530x357.jpg 530w, https:\/\/spaeclipse.com.br\/wp-content\/uploads\/2015\/05\/Carboxiterapia-420x283.jpg 420w, https:\/\/spaeclipse.com.br\/wp-content\/uploads\/2015\/05\/Carboxiterapia-960x647.jpg 960w, https:\/\/spaeclipse.com.br\/wp-content\/uploads\/2015\/05\/Carboxiterapia-639x431.jpg 639w, https:\/\/spaeclipse.com.br\/wp-content\/uploads\/2015\/05\/Carboxiterapia-480x324.jpg 480w, https:\/\/spaeclipse.com.br\/wp-content\/uploads\/2015\/05\/Carboxiterapia-795x536.jpg 795w, https:\/\/spaeclipse.com.br\/wp-content\/uploads\/2015\/05\/Carboxiterapia-364x245.jpg 364w, https:\/\/spaeclipse.com.br\/wp-content\/uploads\/2015\/05\/Carboxiterapia-553x373.jpg 553w, https:\/\/spaeclipse.com.br\/wp-content\/uploads\/2015\/05\/Carboxiterapia.jpg 1000w\" sizes=\"(max-width: 338px) 100vw, 338px\" \/><\/a>A Carboxiterapia \u00e9 um tratamento usado no combate de celulites, estrias e flacidez. A Carboxiterapia \u00e9 o termo conhecido na terap\u00eautica subcut\u00e2nea (hipod\u00e9rmica) do Anidro Carb\u00f4nico \u2013 CO2 \u2013 G\u00e1s Carb\u00f4nico. Deve-se sempre ser realizado por profissionais treinados. Segundo especialistas, a Carboxiterapia funciona, e \u00e9 o tratamento mais moderno para o combate de celulite. O g\u00e1s carb\u00f4nico \u00e9 normalmente encontrado em no nosso organismo. Em situa\u00e7\u00f5es de repouso nosso corpo produz cerca de 200 ml\/min do mesmo, aumentando em at\u00e9 10 vezes frente a esfor\u00e7os f\u00edsicos intensos. Durante o tratamento, o profissional na \u00e1rea de sa\u00fade capacitado no procedimento da carboxiterapia ir\u00e1 controlar a infus\u00e3o do fluxo e o volume total injetados dentre estes par\u00e2metros, utilizando-se fluxos entre 20 e 100 ml\/min e volume totais administrados entre 600 ml e 1 litro. A a\u00e7\u00e3o farmacol\u00f3gica do anidro carb\u00f4nico sobre o tecido est\u00e1 muito bem estudada. Promovendo a vasodilata\u00e7\u00e3o local, com consequente aumento do fluxo vascular e da press\u00e3o parcial de oxig\u00eanio (pO2), h\u00e1 redu\u00e7\u00e3o da afinidade da hemoglobina pelo oxig\u00eanio, resultando em maior quantidade deste dispon\u00edvel para o tecido, melhorando a micro-circula\u00e7\u00e3o, a oxigena\u00e7\u00e3o dos tecidos (potencializa\u00e7\u00e3o do efeito Bohr), ajudando a dissolver os n\u00f3dulos de celulite e a ruptura das c\u00e9lulas de gordura.<\/p>\n<p><strong>Per\u00edodo do procedimento: \u00e9 realizado semanalmente<\/strong><\/p>\n","protected":false},"excerpt":{"rendered":"<p>A Carboxiterapia \u00e9 um tratamento usado no combate de celulites, estrias e flacidez. A Carboxiterapia \u00e9 o termo conhecido na terap\u00eautica subcut\u00e2nea (hipod\u00e9rmica) do Anidro Carb\u00f4nico \u2013 CO2 \u2013 G\u00e1s Carb\u00f4nico. Deve-se sempre ser realizado por profissionais treinados. Segundo especialistas, a Carboxiterapia funciona, e \u00e9 o tratamento mais moderno para o combate de celulite. O &hellip;<\/p>\n<p class=\"read-more\"> <a class=\"\" href=\"https:\/\/spaeclipse.com.br\/?page_id=364\"> <span class=\"screen-reader-text\">Carboxiterapia corporal<\/span> Leia mais &raquo;<\/a><\/p>\n","protected":false},"author":1,"featured_media":0,"parent":0,"menu_order":0,"comment_status":"open","ping_status":"open","template":"","meta":{"site-sidebar-layout":"default","site-content-layout":"","ast-site-content-layout":"","site-content-style":"default","site-sidebar-style":"default","ast-global-header-display":"","ast-banner-title-visibility":"","ast-main-header-display":"","ast-hfb-above-header-display":"","ast-hfb-below-header-display":"","ast-hfb-mobile-header-display":"","site-post-title":"","ast-breadcrumbs-content":"","ast-featured-img":"","footer-sml-layout":"","theme-transparent-header-meta":"","adv-header-id-meta":"","stick-header-meta":"","header-above-stick-meta":"","header-main-stick-meta":"","header-below-stick-meta":"","astra-migrate-meta-layouts":"","_joinchat":[],"footnotes":""},"class_list":["post-364","page","type-page","status-publish","hentry"],"_links":{"self":[{"href":"https:\/\/spaeclipse.com.br\/index.php?rest_route=\/wp\/v2\/pages\/364","targetHints":{"allow":["GET"]}}],"collection":[{"href":"https:\/\/spaeclipse.com.br\/index.php?rest_route=\/wp\/v2\/pages"}],"about":[{"href":"https:\/\/spaeclipse.com.br\/index.php?rest_route=\/wp\/v2\/types\/page"}],"author":[{"embeddable":true,"href":"https:\/\/spaeclipse.com.br\/index.php?rest_route=\/wp\/v2\/users\/1"}],"replies":[{"embeddable":true,"href":"https:\/\/spaeclipse.com.br\/index.php?rest_route=%2Fwp%2Fv2%2Fcomments&post=364"}],"version-history":[{"count":2,"href":"https:\/\/spaeclipse.com.br\/index.php?rest_route=\/wp\/v2\/pages\/364\/revisions"}],"predecessor-version":[{"id":460,"href":"https:\/\/spaeclipse.com.br\/index.php?rest_route=\/wp\/v2\/pages\/364\/revisions\/460"}],"wp:attachment":[{"href":"https:\/\/spaeclipse.com.br\/index.php?rest_route=%2Fwp%2Fv2%2Fmedia&parent=364"}],"curies":[{"name":"wp","href":"https:\/\/api.w.org\/{rel}","templated":true}]}}