{"id":331,"date":"2015-06-01T15:25:59","date_gmt":"2015-06-01T15:25:59","guid":{"rendered":"http:\/\/spaeclipse.com.br\/?page_id=331"},"modified":"2015-07-15T18:35:39","modified_gmt":"2015-07-15T18:35:39","slug":"preenchimento-facial","status":"publish","type":"page","link":"https:\/\/spaeclipse.com.br\/?page_id=331","title":{"rendered":"Preenchimento facial"},"content":{"rendered":"<p><a href=\"http:\/\/spaeclipse.com.br\/wp-content\/uploads\/2015\/06\/X-preenchimento-facial3.jpg\"><img decoding=\"async\" class=\"alignright size-medium wp-image-665\" src=\"http:\/\/spaeclipse.com.br\/wp-content\/uploads\/2015\/06\/X-preenchimento-facial3-250x167.jpg\" alt=\"X preenchimento-facial3\" width=\"250\" height=\"167\" srcset=\"https:\/\/spaeclipse.com.br\/wp-content\/uploads\/2015\/06\/X-preenchimento-facial3-250x167.jpg 250w, https:\/\/spaeclipse.com.br\/wp-content\/uploads\/2015\/06\/X-preenchimento-facial3-530x353.jpg 530w, https:\/\/spaeclipse.com.br\/wp-content\/uploads\/2015\/06\/X-preenchimento-facial3-420x280.jpg 420w, https:\/\/spaeclipse.com.br\/wp-content\/uploads\/2015\/06\/X-preenchimento-facial3-639x426.jpg 639w, https:\/\/spaeclipse.com.br\/wp-content\/uploads\/2015\/06\/X-preenchimento-facial3-480x320.jpg 480w, https:\/\/spaeclipse.com.br\/wp-content\/uploads\/2015\/06\/X-preenchimento-facial3-368x245.jpg 368w, https:\/\/spaeclipse.com.br\/wp-content\/uploads\/2015\/06\/X-preenchimento-facial3-560x373.jpg 560w, https:\/\/spaeclipse.com.br\/wp-content\/uploads\/2015\/06\/X-preenchimento-facial3.jpg 665w\" sizes=\"(max-width: 250px) 100vw, 250px\" \/><\/a> <a href=\"http:\/\/spaeclipse.com.br\/wp-content\/uploads\/2015\/06\/X-preenchimento-facial.jpg\"><img decoding=\"async\" class=\"alignright  wp-image-666\" src=\"http:\/\/spaeclipse.com.br\/wp-content\/uploads\/2015\/06\/X-preenchimento-facial-250x179.jpg\" alt=\"X preenchimento-facial\" width=\"232\" height=\"166\" srcset=\"https:\/\/spaeclipse.com.br\/wp-content\/uploads\/2015\/06\/X-preenchimento-facial-250x179.jpg 250w, https:\/\/spaeclipse.com.br\/wp-content\/uploads\/2015\/06\/X-preenchimento-facial.jpg 265w\" sizes=\"(max-width: 232px) 100vw, 232px\" \/><\/a> <a href=\"http:\/\/spaeclipse.com.br\/wp-content\/uploads\/2015\/06\/X-preenchimento-facial2.jpg\"><img decoding=\"async\" class=\"alignright size-medium wp-image-668\" src=\"http:\/\/spaeclipse.com.br\/wp-content\/uploads\/2015\/06\/X-preenchimento-facial2.jpg\" alt=\"X preenchimento-facial2\" width=\"223\" height=\"171\" \/><\/a>O\u00a0preenchimento facial\u00a0\u00e9 um procedimento para embelezamento e reestrutura\u00e7\u00e3o da pele envelhecida. O\u00a0\u00e1cido hialur\u00f4nico\u00a0\u00e9 uma das subst\u00e2ncias usadas para esta finalidade. Ele preenche rugas e sulcos, olheiras al\u00e9m de melhorar o contorno facial.<\/p>\n<p><strong>Dura\u00e7\u00e3o do resultado:9 meses a 1 ano ou 5 meses.<\/strong><\/p>\n<p><strong>Sujeito a avalia\u00e7\u00e3o do profissional.<\/strong><\/p>\n","protected":false},"excerpt":{"rendered":"<p>O\u00a0preenchimento facial\u00a0\u00e9 um procedimento para embelezamento e reestrutura\u00e7\u00e3o da pele envelhecida. O\u00a0\u00e1cido hialur\u00f4nico\u00a0\u00e9 uma das subst\u00e2ncias usadas para esta finalidade. Ele preenche rugas e sulcos, olheiras al\u00e9m de melhorar o contorno facial. Dura\u00e7\u00e3o do resultado:9 meses a 1 ano ou 5 meses. Sujeito a avalia\u00e7\u00e3o do profissional.<\/p>\n","protected":false},"author":1,"featured_media":0,"parent":0,"menu_order":0,"comment_status":"open","ping_status":"open","template":"","meta":{"site-sidebar-layout":"default","site-content-layout":"","ast-site-content-layout":"","site-content-style":"default","site-sidebar-style":"default","ast-global-header-display":"","ast-banner-title-visibility":"","ast-main-header-display":"","ast-hfb-above-header-display":"","ast-hfb-below-header-display":"","ast-hfb-mobile-header-display":"","site-post-title":"","ast-breadcrumbs-content":"","ast-featured-img":"","footer-sml-layout":"","theme-transparent-header-meta":"","adv-header-id-meta":"","stick-header-meta":"","header-above-stick-meta":"","header-main-stick-meta":"","header-below-stick-meta":"","astra-migrate-meta-layouts":"","_joinchat":[],"footnotes":""},"class_list":["post-331","page","type-page","status-publish","hentry"],"_links":{"self":[{"href":"https:\/\/spaeclipse.com.br\/index.php?rest_route=\/wp\/v2\/pages\/331","targetHints":{"allow":["GET"]}}],"collection":[{"href":"https:\/\/spaeclipse.com.br\/index.php?rest_route=\/wp\/v2\/pages"}],"about":[{"href":"https:\/\/spaeclipse.com.br\/index.php?rest_route=\/wp\/v2\/types\/page"}],"author":[{"embeddable":true,"href":"https:\/\/spaeclipse.com.br\/index.php?rest_route=\/wp\/v2\/users\/1"}],"replies":[{"embeddable":true,"href":"https:\/\/spaeclipse.com.br\/index.php?rest_route=%2Fwp%2Fv2%2Fcomments&post=331"}],"version-history":[{"count":3,"href":"https:\/\/spaeclipse.com.br\/index.php?rest_route=\/wp\/v2\/pages\/331\/revisions"}],"predecessor-version":[{"id":672,"href":"https:\/\/spaeclipse.com.br\/index.php?rest_route=\/wp\/v2\/pages\/331\/revisions\/672"}],"wp:attachment":[{"href":"https:\/\/spaeclipse.com.br\/index.php?rest_route=%2Fwp%2Fv2%2Fmedia&parent=331"}],"curies":[{"name":"wp","href":"https:\/\/api.w.org\/{rel}","templated":true}]}}