{"id":1871,"date":"2023-09-15T20:11:02","date_gmt":"2023-09-15T20:11:02","guid":{"rendered":"https:\/\/spaeclipse.com.br\/?page_id=1871"},"modified":"2023-09-15T20:26:23","modified_gmt":"2023-09-15T20:26:23","slug":"criofrequencia","status":"publish","type":"page","link":"https:\/\/spaeclipse.com.br\/?page_id=1871","title":{"rendered":"Criofrequencia"},"content":{"rendered":"<p>A Criofrequ\u00eancia \u00e9 uma tecnologia que pode ser aplicada em diversos protocolos, tanto faciais como rugas, marcas de express\u00e3o, flacidez, rejuvenescimento e papada, como tamb\u00e9m corporais como celulite, gordura localizada e contorno corporal.<br \/>\nCom uma tecnologia que combina o frio de -10 \u00baC com uma radiofrequ\u00eancia multipolar e monopolar, as quais, atrav\u00e9s de um processo de convers\u00e3o, geram um calor de at\u00e9 60 \u00baC. \u00c9 exatamente esta diferen\u00e7a de temperatura que garante os resultados vis\u00edveis ap\u00f3s as sess\u00f5es de tratamentos.<\/p>\n<p><img fetchpriority=\"high\" decoding=\"async\" class=\"wp-image-1872 alignleft\" src=\"https:\/\/spaeclipse.com.br\/wp-content\/uploads\/2023\/09\/spa.png\" alt=\"\" width=\"487\" height=\"374\" srcset=\"https:\/\/spaeclipse.com.br\/wp-content\/uploads\/2023\/09\/spa.png 616w, https:\/\/spaeclipse.com.br\/wp-content\/uploads\/2023\/09\/spa-250x192.png 250w\" sizes=\"(max-width: 487px) 100vw, 487px\" \/><\/p>\n<p>&nbsp;<\/p>\n<p>&nbsp;<\/p>\n<p>&nbsp;<\/p>\n<p>&nbsp;<\/p>\n<p>&nbsp;<\/p>\n<p>&nbsp;<\/p>\n<p>&nbsp;<\/p>\n<p>&nbsp;<\/p>\n<p>&nbsp;<\/p>\n<p><strong>Indica\u00e7\u00e3o:<\/strong><\/p>\n<p>Diminuir as rugas;<br \/>\nMelhorar a apar\u00eancia da pele;<br \/>\nMelhorar a qualidade do col\u00e1geno e da elastina;<br \/>\nMelhorar a hidrata\u00e7\u00e3o da pele;<br \/>\nReduzir celulite;<br \/>\nMelhora aspecto das estrias e combate fibroses;<br \/>\nMelhorar a apar\u00eancia das cicatrizes;<br \/>\nCombater a gordura localizada na barriga, culote, flancos, bra\u00e7os e papada;<br \/>\nCombater a flacidez em qualquer \u00e1rea do corpo.<\/p>\n<p><strong>CONTRAINDICA\u00c7\u00d5ES<\/strong><br \/>\nGestantes;<br \/>\nUso de dispositivo eletr\u00f4nico implantado (marcapasso);<br \/>\nNeoplasias (c\u00e2nceres);<br \/>\nAcne e f\u00edstulas;<br \/>\nPerda ou diminui\u00e7\u00e3o da sensibilidade;<br \/>\nPreenchimento; toxina botul\u00ednica;<br \/>\nIrrita\u00e7\u00f5es cut\u00e2neas;<br \/>\nDoen\u00e7as vasculares;<br \/>\nAparelho auditivo (remover);<br \/>\nImplantes met\u00e1licos no local da aplica\u00e7\u00e3o;<br \/>\nInflama\u00e7\u00f5es no local da aplica\u00e7\u00e3o;<br \/>\nP\u00e1lpebras e \u00e1rea card\u00edaca;<br \/>\nPr\u00f3teses siliconizadas;<br \/>\nPeeling qu\u00edmico recente;<br \/>\nQueimaduras;<br \/>\nTecido isqu\u00eamico (falta de fornecimento sangu\u00edneo para um tecido org\u00e2nico devido a obstru\u00e7\u00e3o causada por um trombo);<br \/>\nTrombose venosa;<br \/>\nLes\u00f5es tuberculosas ativas;<br \/>\nUso de isotretino\u00edna (roacutan);<\/p>\n","protected":false},"excerpt":{"rendered":"<p>A Criofrequ\u00eancia \u00e9 uma tecnologia que pode ser aplicada em diversos protocolos, tanto faciais como rugas, marcas de express\u00e3o, flacidez, rejuvenescimento e papada, como tamb\u00e9m corporais como celulite, gordura localizada e contorno corporal. Com uma tecnologia que combina o frio de -10 \u00baC com uma radiofrequ\u00eancia multipolar e monopolar, as quais, atrav\u00e9s de um processo &hellip;<\/p>\n<p class=\"read-more\"> <a class=\"\" href=\"https:\/\/spaeclipse.com.br\/?page_id=1871\"> <span class=\"screen-reader-text\">Criofrequencia<\/span> Leia mais &raquo;<\/a><\/p>\n","protected":false},"author":1,"featured_media":0,"parent":0,"menu_order":0,"comment_status":"closed","ping_status":"closed","template":"","meta":{"site-sidebar-layout":"default","site-content-layout":"","ast-site-content-layout":"default","site-content-style":"default","site-sidebar-style":"default","ast-global-header-display":"","ast-banner-title-visibility":"","ast-main-header-display":"","ast-hfb-above-header-display":"","ast-hfb-below-header-display":"","ast-hfb-mobile-header-display":"","site-post-title":"","ast-breadcrumbs-content":"","ast-featured-img":"","footer-sml-layout":"","theme-transparent-header-meta":"default","adv-header-id-meta":"","stick-header-meta":"","header-above-stick-meta":"","header-main-stick-meta":"","header-below-stick-meta":"","astra-migrate-meta-layouts":"set","_joinchat":[],"footnotes":""},"class_list":["post-1871","page","type-page","status-publish","hentry"],"_links":{"self":[{"href":"https:\/\/spaeclipse.com.br\/index.php?rest_route=\/wp\/v2\/pages\/1871","targetHints":{"allow":["GET"]}}],"collection":[{"href":"https:\/\/spaeclipse.com.br\/index.php?rest_route=\/wp\/v2\/pages"}],"about":[{"href":"https:\/\/spaeclipse.com.br\/index.php?rest_route=\/wp\/v2\/types\/page"}],"author":[{"embeddable":true,"href":"https:\/\/spaeclipse.com.br\/index.php?rest_route=\/wp\/v2\/users\/1"}],"replies":[{"embeddable":true,"href":"https:\/\/spaeclipse.com.br\/index.php?rest_route=%2Fwp%2Fv2%2Fcomments&post=1871"}],"version-history":[{"count":3,"href":"https:\/\/spaeclipse.com.br\/index.php?rest_route=\/wp\/v2\/pages\/1871\/revisions"}],"predecessor-version":[{"id":1877,"href":"https:\/\/spaeclipse.com.br\/index.php?rest_route=\/wp\/v2\/pages\/1871\/revisions\/1877"}],"wp:attachment":[{"href":"https:\/\/spaeclipse.com.br\/index.php?rest_route=%2Fwp%2Fv2%2Fmedia&parent=1871"}],"curies":[{"name":"wp","href":"https:\/\/api.w.org\/{rel}","templated":true}]}}