{"id":115,"date":"2015-05-21T13:16:06","date_gmt":"2015-05-21T13:16:06","guid":{"rendered":"http:\/\/spaeclipse.com.br\/?page_id=115"},"modified":"2015-07-15T18:16:12","modified_gmt":"2015-07-15T18:16:12","slug":"facial-drenagem-linfatica","status":"publish","type":"page","link":"https:\/\/spaeclipse.com.br\/?page_id=115","title":{"rendered":"Drenagem Linf\u00e1tica Facial"},"content":{"rendered":"<p>A drenagem facial melhora o aspecto da pele, mas os benef\u00edcios da drenagem linf\u00e1tica envolvem ainda estimular o sistema de defesa do organismo e melhorar a circula\u00e7\u00e3o sangu\u00ednea na \u00e1rea em que \u00e9 aplicada. A drenagem linf\u00e1tica facial \u00e9 indicada para pacientes em pr\u00e9 e p\u00f3s-operat\u00f3rio de cirurgia facial diminuindo hematomas, edemas, e as bolsas embaixo dos olhos que costumam ficar inchadas ap\u00f3s a cirurgia, diminuindo o tempo de recupera\u00e7\u00e3o e melhorando tamb\u00e9m o bem-estar do paciente.<\/p>\n<p><strong><a href=\"http:\/\/spaeclipse.com.br\/wp-content\/uploads\/2015\/05\/X-Drenagem_Linfatica_Facial_.jpg\"><img fetchpriority=\"high\" decoding=\"async\" class=\" size-medium wp-image-631 alignleft\" src=\"http:\/\/spaeclipse.com.br\/wp-content\/uploads\/2015\/05\/X-Drenagem_Linfatica_Facial_-250x250.jpg\" alt=\"X Drenagem_Linfatica_Facial_\" width=\"250\" height=\"250\" srcset=\"https:\/\/spaeclipse.com.br\/wp-content\/uploads\/2015\/05\/X-Drenagem_Linfatica_Facial_-250x250.jpg 250w, https:\/\/spaeclipse.com.br\/wp-content\/uploads\/2015\/05\/X-Drenagem_Linfatica_Facial_-100x100.jpg 100w, https:\/\/spaeclipse.com.br\/wp-content\/uploads\/2015\/05\/X-Drenagem_Linfatica_Facial_-600x600.jpg 600w, https:\/\/spaeclipse.com.br\/wp-content\/uploads\/2015\/05\/X-Drenagem_Linfatica_Facial_-795x795.jpg 795w, https:\/\/spaeclipse.com.br\/wp-content\/uploads\/2015\/05\/X-Drenagem_Linfatica_Facial_-585x585.jpg 585w, https:\/\/spaeclipse.com.br\/wp-content\/uploads\/2015\/05\/X-Drenagem_Linfatica_Facial_-397x397.jpg 397w, https:\/\/spaeclipse.com.br\/wp-content\/uploads\/2015\/05\/X-Drenagem_Linfatica_Facial_-315x315.jpg 315w, https:\/\/spaeclipse.com.br\/wp-content\/uploads\/2015\/05\/X-Drenagem_Linfatica_Facial_-720x720.jpg 720w, https:\/\/spaeclipse.com.br\/wp-content\/uploads\/2015\/05\/X-Drenagem_Linfatica_Facial_-480x480.jpg 480w, https:\/\/spaeclipse.com.br\/wp-content\/uploads\/2015\/05\/X-Drenagem_Linfatica_Facial_-360x360.jpg 360w, https:\/\/spaeclipse.com.br\/wp-content\/uploads\/2015\/05\/X-Drenagem_Linfatica_Facial_-536x536.jpg 536w, https:\/\/spaeclipse.com.br\/wp-content\/uploads\/2015\/05\/X-Drenagem_Linfatica_Facial_-245x245.jpg 245w, https:\/\/spaeclipse.com.br\/wp-content\/uploads\/2015\/05\/X-Drenagem_Linfatica_Facial_-373x373.jpg 373w, https:\/\/spaeclipse.com.br\/wp-content\/uploads\/2015\/05\/X-Drenagem_Linfatica_Facial_.jpg 800w\" sizes=\"(max-width: 250px) 100vw, 250px\" \/><\/a> <a href=\"http:\/\/spaeclipse.com.br\/wp-content\/uploads\/2015\/05\/X-drenagem-facial-1.jpg\"><img decoding=\"async\" class=\" size-medium wp-image-632 alignleft\" src=\"http:\/\/spaeclipse.com.br\/wp-content\/uploads\/2015\/05\/X-drenagem-facial-1-250x167.jpg\" alt=\"X drenagem-facial-1\" width=\"250\" height=\"167\" srcset=\"https:\/\/spaeclipse.com.br\/wp-content\/uploads\/2015\/05\/X-drenagem-facial-1-250x167.jpg 250w, https:\/\/spaeclipse.com.br\/wp-content\/uploads\/2015\/05\/X-drenagem-facial-1-530x354.jpg 530w, https:\/\/spaeclipse.com.br\/wp-content\/uploads\/2015\/05\/X-drenagem-facial-1-420x280.jpg 420w, https:\/\/spaeclipse.com.br\/wp-content\/uploads\/2015\/05\/X-drenagem-facial-1-480x320.jpg 480w, https:\/\/spaeclipse.com.br\/wp-content\/uploads\/2015\/05\/X-drenagem-facial-1-367x245.jpg 367w, https:\/\/spaeclipse.com.br\/wp-content\/uploads\/2015\/05\/X-drenagem-facial-1.jpg 550w\" sizes=\"(max-width: 250px) 100vw, 250px\" \/><\/a>Per\u00edodo do procedimento: semanalmente<\/strong><\/p>\n","protected":false},"excerpt":{"rendered":"<p>A drenagem facial melhora o aspecto da pele, mas os benef\u00edcios da drenagem linf\u00e1tica envolvem ainda estimular o sistema de defesa do organismo e melhorar a circula\u00e7\u00e3o sangu\u00ednea na \u00e1rea em que \u00e9 aplicada. A drenagem linf\u00e1tica facial \u00e9 indicada para pacientes em pr\u00e9 e p\u00f3s-operat\u00f3rio de cirurgia facial diminuindo hematomas, edemas, e as bolsas &hellip;<\/p>\n<p class=\"read-more\"> <a class=\"\" href=\"https:\/\/spaeclipse.com.br\/?page_id=115\"> <span class=\"screen-reader-text\">Drenagem Linf\u00e1tica Facial<\/span> Leia mais &raquo;<\/a><\/p>\n","protected":false},"author":1,"featured_media":0,"parent":0,"menu_order":0,"comment_status":"open","ping_status":"closed","template":"","meta":{"site-sidebar-layout":"default","site-content-layout":"","ast-site-content-layout":"","site-content-style":"default","site-sidebar-style":"default","ast-global-header-display":"","ast-banner-title-visibility":"","ast-main-header-display":"","ast-hfb-above-header-display":"","ast-hfb-below-header-display":"","ast-hfb-mobile-header-display":"","site-post-title":"","ast-breadcrumbs-content":"","ast-featured-img":"","footer-sml-layout":"","theme-transparent-header-meta":"","adv-header-id-meta":"","stick-header-meta":"","header-above-stick-meta":"","header-main-stick-meta":"","header-below-stick-meta":"","astra-migrate-meta-layouts":"","_joinchat":[],"footnotes":""},"class_list":["post-115","page","type-page","status-publish","hentry"],"_links":{"self":[{"href":"https:\/\/spaeclipse.com.br\/index.php?rest_route=\/wp\/v2\/pages\/115","targetHints":{"allow":["GET"]}}],"collection":[{"href":"https:\/\/spaeclipse.com.br\/index.php?rest_route=\/wp\/v2\/pages"}],"about":[{"href":"https:\/\/spaeclipse.com.br\/index.php?rest_route=\/wp\/v2\/types\/page"}],"author":[{"embeddable":true,"href":"https:\/\/spaeclipse.com.br\/index.php?rest_route=\/wp\/v2\/users\/1"}],"replies":[{"embeddable":true,"href":"https:\/\/spaeclipse.com.br\/index.php?rest_route=%2Fwp%2Fv2%2Fcomments&post=115"}],"version-history":[{"count":5,"href":"https:\/\/spaeclipse.com.br\/index.php?rest_route=\/wp\/v2\/pages\/115\/revisions"}],"predecessor-version":[{"id":634,"href":"https:\/\/spaeclipse.com.br\/index.php?rest_route=\/wp\/v2\/pages\/115\/revisions\/634"}],"wp:attachment":[{"href":"https:\/\/spaeclipse.com.br\/index.php?rest_route=%2Fwp%2Fv2%2Fmedia&parent=115"}],"curies":[{"name":"wp","href":"https:\/\/api.w.org\/{rel}","templated":true}]}}